{"id":833,"date":"2017-01-14T12:53:07","date_gmt":"2017-01-14T12:53:07","guid":{"rendered":"http:\/\/eleanordemo.devclick.uk\/?page_id=46"},"modified":"2019-02-24T08:33:35","modified_gmt":"2019-02-24T08:33:35","slug":"unternehmensergebnis-verbessern","status":"publish","type":"page","link":"https:\/\/www.global-sense.com\/index.php\/services\/unternehmensergebnis-verbessern\/","title":{"rendered":"Unternehmensergebnis verbessern"},"content":{"rendered":"<div id=\"pl-833\"  class=\"panel-layout\" ><div id=\"pg-833-0\"  class=\"panel-grid panel-has-style\" ><div data-overlay-color=\"#000000\" class=\"panel-row-style panel-row-style-for-833-0\" ><div id=\"pgc-833-0-0\"  class=\"panel-grid-cell\" ><div id=\"panel-833-0-0-0\" class=\"so-panel widget widget_black-studio-tinymce widget_black_studio_tinymce panel-first-child panel-last-child\" data-index=\"0\" ><div class=\"textwidget\"><p><a href=\"http:\/\/demo.devclick.uk\/eleanor\/wp-content\/uploadz\/2017\/01\/financial-advice.jpg\"><img class=\"alignnone size-full wp-image-201\" src=\"http:\/\/demo.devclick.uk\/eleanor\/wp-content\/uploadz\/2017\/01\/financial-advice.jpg\" alt=\"Financial Advice\" width=\"1170\" height=\"700\" \/><\/a><\/p>\n<\/div><\/div><\/div><\/div><\/div><div id=\"pg-833-1\"  class=\"panel-grid panel-has-style\" ><div data-overlay-color=\"#000000\" class=\"panel-row-style panel-row-style-for-833-1\" ><div id=\"pgc-833-1-0\"  class=\"panel-grid-cell\" ><div id=\"panel-833-1-0-0\" class=\"so-panel widget widget_black-studio-tinymce widget_black_studio_tinymce panel-first-child panel-last-child\" data-index=\"1\" ><div class=\"textwidget\"><h3>Zur\u00fcck in die Gewinnzone durch Senkung der operativen Kosten<\/h3>\n<h4>Typische Ausgangssituationen:<\/h4>\n<ul>\n<li>Turn-Around-Management nach jahrelang wegschmelzenden Gewinnen<\/li>\n<li>Systematisches Coaching\/Unterst\u00fctzung der operativen Gesch\u00e4ftsf\u00fchrung<\/li>\n<li>Bedarf einer Interims-Gesch\u00e4ftsf\u00fchrung<\/li>\n<\/ul>\n<div class=\"node\">\n<div class=\"content\">\n<h4>Vorgehensweise in der Analysephase<\/h4>\n<ul>\n<li>Analyse der Kostensituation (GuV)<\/li>\n<li>Grobe Analyse der Produktivit\u00e4t, Lagerumschlagsrate, Schrott\/Nacharbeit\/Kundenreklamationen, Mitarbeiterproduktivit\u00e4t, Krankenstand, Materialkosten mit Lieferantenstruktur, Kundenstruktur, Wettbewerbssituation etc.<\/li>\n<li>Grobe Beurteilung der f\u00fchrenden Mitarbeiter (Leistungsbereitschaft, F\u00e4higkeiten, ...)<\/li>\n<li>Bewertung von Ma\u00dfnahmenschwerpunkten zur Verbesserung<\/li>\n<\/ul>\n<p>Diese Ma\u00dfnahmen werden zusammen mit dem Auftragsgeber durchgesprochen und zu erreichende Ziele f\u00fcr die Umsetzungsphase vereinbart.<\/p>\n<h4>Vorgehensweise in der Umsetzungsphase<\/h4>\n<ul>\n<li>Aufstellung einer cross-funktionalen Projektorganisation<\/li>\n<li>Durchf\u00fchrung von Workshops zur Erarbeitung und Priorisierung von Ma\u00dfnahmenfeldern<\/li>\n<li>Definition und Einf\u00fchrung von Kennzahlen zur Erfolgskontrolle (z.B. ppm, FPY, kg Schrott\/Schicht, Gutteile\/Schicht etc.)<\/li>\n<li>Einf\u00fchrung von Hilfsmitteln zur Erfolgsmessung.<\/li>\n<\/ul>\n<p>Das aktive Einbeziehen und die Weiterentwicklung Ihrer Mitarbeiter ist f\u00fcr uns sehr wichtig.<\/p>\n<p>Zum Erreichen der Verbesserungen k\u00f6nnen auch Methoden wie Six Sigma, KAIZEN oder andere Lean Production Tools eingesetzt werden.<\/p>\n<p>&nbsp;<\/p>\n<p>Somit erreichen wir nach 6-12 Monaten deutliche Ergebnisverbesserungen. Daran lassen wir uns gerne messen.<\/p><\/div>\n<\/div>\n<\/div><\/div><\/div><\/div><\/div><div id=\"pg-833-2\"  class=\"panel-grid panel-no-style\" ><div id=\"pgc-833-2-0\"  class=\"panel-grid-cell\" ><div id=\"panel-833-2-0-0\" class=\"so-panel widget widget_dc_content_box devclick-content-box panel-first-child panel-last-child\" data-index=\"2\" >\n\t\t\t\n\t\t\t\t<div class=\"content-box\">\n\n\t\t\t\n\t\t\t\t<h2>Projektbeispiele<\/h2>\n\n\t\t\t\t<p><\/p>\n\n\t\t\t\t\n\t\t\t<\/div><!-- .content-box -->\n\n\t\t<\/div><\/div><\/div><div id=\"pg-833-3\"  class=\"panel-grid panel-has-style\" ><div data-overlay-color=\"#000000\" class=\"panel-row-style panel-row-style-for-833-3\" ><div id=\"pgc-833-3-0\"  class=\"panel-grid-cell panel-grid-cell-mobile-last\" ><div id=\"panel-833-3-0-0\" class=\"so-panel widget widget_dc_feature_case devclick-featured-case-study panel-first-child panel-last-child\" data-index=\"3\" >\n\t\t\t<div class=\"featured-case featured-case-style-one\">\n\t\t\t\t\n\t\t\t\t\t\t\t\t\t<a href=\"https:\/\/www.global-sense.com\/index.php\/case-studies\/ergebnisverbesserung\/\" class=\"featured-case-image\">\n\t\t\t\t\t\t<img src=\"https:\/\/www.global-sense.com\/wp-content\/uploads\/2017\/01\/meeting-435x260.jpg\" srcset=\"https:\/\/www.global-sense.com\/wp-content\/uploads\/2017\/01\/meeting-1086x650.jpg 1024w, https:\/\/www.global-sense.com\/wp-content\/uploads\/2017\/01\/meeting-652x390.jpg 640w, https:\/\/www.global-sense.com\/wp-content\/uploads\/2017\/01\/meeting-435x260.jpg 320w\" sizes=\"(min-width: 992px) 40vw, 110vw\" alt=\"Meeting\">\n\t\t\t\t\t<\/a>\n\t\t\t\t\n\t\t\t\t<div class=\"featured-case-inner text-left\">\n\t\t\t\t\t\n\t\t\t\t\t<h3>\n\t\t\t\t\t\t<a href=\"https:\/\/www.global-sense.com\/index.php\/case-studies\/ergebnisverbesserung\/\">Ergebnisverbesserung am Standort in Osteuropa<\/a>\n\t\t\t\t\t<\/h3>\n\n\t\t\t\t\t\t\t\t\t\t\t<p>Dieser mittelst\u00e4ndische Komponenten- hersteller hat seine Produktion beim OEM vor Ort an mehreren europ\u00e4ischen Standorten....<\/p>\n\t\t\t\t\t\n\t\t\t\t\t\t\t\t\t\t\t<a href=\"https:\/\/www.global-sense.com\/index.php\/case-studies\/ergebnisverbesserung\/\" class=\"featured-case-link\">Projektbeispiel ansehen<\/a>\n\t\t\t\t\t\n\t\t\t\t<\/div><!-- .featured-case-inner -->\n\n\t\t\t<\/div><!-- .featured-case -->\n\n\t\t<\/div><\/div><div id=\"pgc-833-3-1\"  class=\"panel-grid-cell panel-grid-cell-empty\" ><\/div><\/div><\/div><\/div>","protected":false},"excerpt":{"rendered":"<p>Sie ben\u00f6tigen Unterst\u00fctzung in der operativen Verbesserung der Kostensituation oder eine Interims-Gesch\u00e4ftsf\u00fchrung<\/p>\n","protected":false},"author":1,"featured_media":729,"parent":828,"menu_order":0,"comment_status":"closed","ping_status":"closed","template":"","meta":[],"_links":{"self":[{"href":"https:\/\/www.global-sense.com\/index.php\/wp-json\/wp\/v2\/pages\/833"}],"collection":[{"href":"https:\/\/www.global-sense.com\/index.php\/wp-json\/wp\/v2\/pages"}],"about":[{"href":"https:\/\/www.global-sense.com\/index.php\/wp-json\/wp\/v2\/types\/page"}],"author":[{"embeddable":true,"href":"https:\/\/www.global-sense.com\/index.php\/wp-json\/wp\/v2\/users\/1"}],"replies":[{"embeddable":true,"href":"https:\/\/www.global-sense.com\/index.php\/wp-json\/wp\/v2\/comments?post=833"}],"version-history":[{"count":31,"href":"https:\/\/www.global-sense.com\/index.php\/wp-json\/wp\/v2\/pages\/833\/revisions"}],"predecessor-version":[{"id":1478,"href":"https:\/\/www.global-sense.com\/index.php\/wp-json\/wp\/v2\/pages\/833\/revisions\/1478"}],"up":[{"embeddable":true,"href":"https:\/\/www.global-sense.com\/index.php\/wp-json\/wp\/v2\/pages\/828"}],"wp:featuredmedia":[{"embeddable":true,"href":"https:\/\/www.global-sense.com\/index.php\/wp-json\/wp\/v2\/media\/729"}],"wp:attachment":[{"href":"https:\/\/www.global-sense.com\/index.php\/wp-json\/wp\/v2\/media?parent=833"}],"curies":[{"name":"wp","href":"https:\/\/api.w.org\/{rel}","templated":true}]}}